{"id":110,"date":"2018-03-21T22:29:31","date_gmt":"2018-03-21T21:29:31","guid":{"rendered":"http:\/\/escrime-dieppe.fr\/?page_id=110"},"modified":"2025-08-22T13:29:55","modified_gmt":"2025-08-22T11:29:55","slug":"maitre-darme","status":"publish","type":"page","link":"http:\/\/escrime-dieppe.fr\/index.php\/maitre-darme\/","title":{"rendered":"Maitres d&rsquo;armes"},"content":{"rendered":"\t\t<div data-elementor-type=\"wp-post\" data-elementor-id=\"110\" class=\"elementor elementor-110\">\n\t\t\t\t\t\t<section class=\"elementor-section elementor-top-section elementor-element elementor-element-23fcd364 elementor-section-stretched elementor-section-boxed elementor-section-height-default elementor-section-height-default\" data-id=\"23fcd364\" data-element_type=\"section\" data-e-type=\"section\" data-settings=\"{&quot;stretch_section&quot;:&quot;section-stretched&quot;}\">\n\t\t\t\t\t\t<div class=\"elementor-container elementor-column-gap-default\">\n\t\t\t\t\t<div class=\"elementor-column elementor-col-100 elementor-top-column elementor-element elementor-element-4e4c6d80\" data-id=\"4e4c6d80\" data-element_type=\"column\" data-e-type=\"column\">\n\t\t\t<div class=\"elementor-widget-wrap elementor-element-populated\">\n\t\t\t\t\t\t<div class=\"elementor-element elementor-element-f3d1a7c elementor-widget elementor-widget-text-editor\" data-id=\"f3d1a7c\" data-element_type=\"widget\" data-e-type=\"widget\" data-widget_type=\"text-editor.default\">\n\t\t\t\t<div class=\"elementor-widget-container\">\n\t\t\t\t\t\t\t\t\t<p style=\"text-align: left;\"><span>Notre Ma\u00eetre d\u2019armes\u00a0<strong>Nicolas Coruble<\/strong>\u00a0d\u00e9bute l\u2019escrime \u00e0 l\u2019\u00e2ge de 7 ans et montre tr\u00e8s vite des pr\u00e9dispositions pour ce sport. Il ne lui aura fallu que deux ans pour \u00eatre champion de Haute\u2013Normandie. Titre qu\u2019il obtiendra, ensuite, dans toutes les cat\u00e9gories.\u00a0<\/span><\/p><p style=\"text-align: left;\"><span><span style=\"text-decoration: underline;\">En 1998, tout s\u2019acc\u00e9l\u00e8re<\/span><\/span><\/p><p style=\"text-align: left;\"><span> Cette ann\u00e9e l\u00e0, il monte sur le podium des championnats de France UNSS cadet. Rep\u00e9r\u00e9 par les instances nationales , il est s\u00e9lectionn\u00e9 pour participer aux \u00e9preuves de coupe du monde jusqu\u2019en 2001.\u00a0<\/span><span style=\"font-size: inherit;\">C\u2019est toujours en 1998 qu\u2019il obtient son dipl\u00f4me de pr\u00e9v\u00f4t f\u00e9d\u00e9ral et dispense ses premiers entrainements dans notre club. Il obtiendra celui d\u2019\u00e9ducateur sportif premier degr\u00e9 en 2001.\u00a0<\/span><\/p><h6><span style=\"text-decoration: underline;\">Comp\u00e9titeur mais aussi p\u00e9dagogue\u00a0<\/span><\/h6><p style=\"text-align: left;\"><span>Titulaire d\u2019une licence d\u2019entraineur sportif et d\u2019une de management du sport ainsi que d\u2019un master de formation \u00e9ducation parcours adolescence, Ma\u00eetre Coruble met ses comp\u00e9tences au service des fines lames.\u00a0<\/span><span>Club qu\u2019il a su faire \u00e9voluer en faisant d\u00e9couvrir l\u2019escrime \u00e0 de nouveaux publics avec, par exemple, les dispositifs escrime \u00e0 l\u2019\u00e9cole ou escrime et cancer du sein.\u00a0<\/span><span>Bien qu\u2019exigeant, Ma\u00eetre Nicolas Coruble est appr\u00e9ci\u00e9 des fines lames.\u00a0<\/span><\/p><h6 style=\"text-align: left;\"><span><span style=\"text-decoration: underline;\">En 2014, l\u2019apoth\u00e9ose<\/span>\u00a0<\/span><\/h6><p style=\"text-align: left;\"><span style=\"font-size: inherit;\">Apr\u00e8s avoir lev\u00e9 le pied pendant quelques ann\u00e9es , il reprend la comp\u00e9tition \u00e0 partir de 2010 et participe notamment aux championnats de France des Ma\u00eetres d\u2019armes o\u00f9 il remporte le titre au fleuret comme \u00e0 l\u2019\u00e9p\u00e9e en 2012, 2013 et 2014.\u00a0<\/span><span>Toujours en 2014, les championnats du monde des Maitres d\u2019armes se d\u00e9roule en Italie. Le Maitre Coruble y est naturellement s\u00e9lectionn\u00e9 et y d\u00e9croche quatre m\u00e9dailles dont une en or dans l\u2019\u00e9preuve du combin\u00e9 (aux 3 armes).<\/span><span> <br \/><\/span><\/p><p style=\"text-align: left;\"><span>\u00a0<\/span><\/p><p style=\"text-align: left;\"><span style=\"text-decoration: underline;\">En 2017, il remet \u00e7a<\/span><\/p><p style=\"text-align: left;\"><span>Cette fois-ci les championnats du monde des Ma\u00eetres d&rsquo;armes ont lieu \u00e0 Strasbourg. La moisson de m\u00e9dailles est encore plus belle. Il s&rsquo;adjuge le bronze au sabre de duel, l&rsquo;argent en \u00e9p\u00e9e individuelle et surtout les titres avec l&rsquo;\u00e9quipe de France de fleuret, l&rsquo;\u00e9quipe de France d&rsquo;\u00e9p\u00e9e et le sabre de duel dont il \u00e9tait le tenant du titre.<br \/><\/span><\/p><p style=\"text-align: left;\"><span>\u00a0<\/span><\/p><p style=\"text-align: left;\"><span>En 2022, il est \u00e9lu pr\u00e9sident du club et arr\u00eate son activit\u00e9 de ma\u00eetre d&rsquo;armes salari\u00e9.\u00a0<\/span><\/p>\t\t\t\t\t\t\t\t<\/div>\n\t\t\t\t<\/div>\n\t\t\t\t\t<\/div>\n\t\t<\/div>\n\t\t\t\t\t<\/div>\n\t\t<\/section>\n\t\t\t\t<section class=\"elementor-section elementor-top-section elementor-element elementor-element-14013bb3 elementor-section-stretched elementor-section-boxed elementor-section-height-default elementor-section-height-default\" data-id=\"14013bb3\" data-element_type=\"section\" data-e-type=\"section\" data-settings=\"{&quot;stretch_section&quot;:&quot;section-stretched&quot;}\">\n\t\t\t\t\t\t<div class=\"elementor-container elementor-column-gap-default\">\n\t\t\t\t\t<div class=\"elementor-column elementor-col-100 elementor-top-column elementor-element elementor-element-1e465102\" data-id=\"1e465102\" data-element_type=\"column\" data-e-type=\"column\">\n\t\t\t<div class=\"elementor-widget-wrap elementor-element-populated\">\n\t\t\t\t\t\t<div class=\"elementor-element elementor-element-433a3f86 elementor-widget-divider--view-line elementor-widget elementor-widget-divider\" data-id=\"433a3f86\" data-element_type=\"widget\" data-e-type=\"widget\" data-widget_type=\"divider.default\">\n\t\t\t\t<div class=\"elementor-widget-container\">\n\t\t\t\t\t\t\t<div class=\"elementor-divider\">\n\t\t\t<span class=\"elementor-divider-separator\">\n\t\t\t\t\t\t<\/span>\n\t\t<\/div>\n\t\t\t\t\t\t<\/div>\n\t\t\t\t<\/div>\n\t\t\t\t\t<\/div>\n\t\t<\/div>\n\t\t\t\t\t<\/div>\n\t\t<\/section>\n\t\t\t\t<section class=\"elementor-section elementor-top-section elementor-element elementor-element-d98aa44 elementor-section-boxed elementor-section-height-default elementor-section-height-default\" data-id=\"d98aa44\" data-element_type=\"section\" data-e-type=\"section\">\n\t\t\t\t\t\t<div class=\"elementor-container elementor-column-gap-default\">\n\t\t\t\t\t<div class=\"elementor-column elementor-col-100 elementor-top-column elementor-element elementor-element-ab42569\" data-id=\"ab42569\" data-element_type=\"column\" data-e-type=\"column\">\n\t\t\t<div class=\"elementor-widget-wrap elementor-element-populated\">\n\t\t\t\t\t\t<div class=\"elementor-element elementor-element-775a766 elementor-widget elementor-widget-testimonial\" data-id=\"775a766\" data-element_type=\"widget\" data-e-type=\"widget\" data-widget_type=\"testimonial.default\">\n\t\t\t\t<div class=\"elementor-widget-container\">\n\t\t\t\t\t\t\t<div class=\"elementor-testimonial-wrapper\">\n\t\t\t\n\t\t\t\t\t\t<div class=\"elementor-testimonial-meta elementor-has-image elementor-testimonial-image-position-top\">\n\t\t\t\t<div class=\"elementor-testimonial-meta-inner\">\n\t\t\t\t\t\t\t\t\t\t\t<div class=\"elementor-testimonial-image\">\n\t\t\t\t\t\t\t<img fetchpriority=\"high\" decoding=\"async\" data-attachment-id=\"515\" data-permalink=\"http:\/\/escrime-dieppe.fr\/index.php\/maitre-darme\/coruble\/\" data-orig-file=\"https:\/\/i0.wp.com\/escrime-dieppe.fr\/wp-content\/uploads\/2018\/06\/Coruble.jpg?fit=639%2C558\" data-orig-size=\"639,558\" data-comments-opened=\"1\" data-image-meta=\"{&quot;aperture&quot;:&quot;0&quot;,&quot;credit&quot;:&quot;&quot;,&quot;camera&quot;:&quot;&quot;,&quot;caption&quot;:&quot;&quot;,&quot;created_timestamp&quot;:&quot;0&quot;,&quot;copyright&quot;:&quot;&quot;,&quot;focal_length&quot;:&quot;0&quot;,&quot;iso&quot;:&quot;0&quot;,&quot;shutter_speed&quot;:&quot;0&quot;,&quot;title&quot;:&quot;&quot;,&quot;orientation&quot;:&quot;1&quot;}\" data-image-title=\"Coruble\" data-image-description=\"\" data-image-caption=\"\" data-large-file=\"https:\/\/i0.wp.com\/escrime-dieppe.fr\/wp-content\/uploads\/2018\/06\/Coruble.jpg?fit=639%2C558\" width=\"639\" height=\"558\" src=\"https:\/\/i0.wp.com\/escrime-dieppe.fr\/wp-content\/uploads\/2018\/06\/Coruble.jpg?fit=639%2C558&amp;ssl=1\" class=\"attachment-full size-full wp-image-515\" alt=\"\" data-attachment-id=\"515\" data-permalink=\"https:\/\/escrime-dieppe.fr\/index.php\/maitre-darme\/coruble\/\" data-orig-file=\"https:\/\/i0.wp.com\/escrime-dieppe.fr\/wp-content\/uploads\/2018\/06\/Coruble.jpg?fit=639%2C558&amp;ssl=1\" data-orig-size=\"639,558\" data-comments-opened=\"1\" data-image-meta=\"{&quot;aperture&quot;:&quot;0&quot;,&quot;credit&quot;:&quot;&quot;,&quot;camera&quot;:&quot;&quot;,&quot;caption&quot;:&quot;&quot;,&quot;created_timestamp&quot;:&quot;0&quot;,&quot;copyright&quot;:&quot;&quot;,&quot;focal_length&quot;:&quot;0&quot;,&quot;iso&quot;:&quot;0&quot;,&quot;shutter_speed&quot;:&quot;0&quot;,&quot;title&quot;:&quot;&quot;,&quot;orientation&quot;:&quot;1&quot;}\" data-image-title=\"Coruble\" data-image-description=\"\" data-image-caption=\"\" data-large-file=\"https:\/\/i0.wp.com\/escrime-dieppe.fr\/wp-content\/uploads\/2018\/06\/Coruble.jpg?fit=639%2C558&amp;ssl=1\" srcset=\"https:\/\/i0.wp.com\/escrime-dieppe.fr\/wp-content\/uploads\/2018\/06\/Coruble.jpg?w=639 639w, https:\/\/i0.wp.com\/escrime-dieppe.fr\/wp-content\/uploads\/2018\/06\/Coruble.jpg?resize=300%2C262 300w\" sizes=\"(max-width: 639px) 100vw, 639px\" \/>\t\t\t\t\t\t<\/div>\n\t\t\t\t\t\n\t\t\t\t\t\t\t\t\t\t<div class=\"elementor-testimonial-details\">\n\t\t\t\t\t\t\t\t\t\t\t\t\t\t<div class=\"elementor-testimonial-name\">CORUBLE<\/div>\n\t\t\t\t\t\t\t\t\t\t\t\t\t\t\t\t\t\t\t\t\t\t<div class=\"elementor-testimonial-job\">Nicolas<\/div>\n\t\t\t\t\t\t\t\t\t\t\t\t\t<\/div>\n\t\t\t\t\t\t\t\t\t<\/div>\n\t\t\t<\/div>\n\t\t\t\t\t<\/div>\n\t\t\t\t\t\t<\/div>\n\t\t\t\t<\/div>\n\t\t\t\t\t<\/div>\n\t\t<\/div>\n\t\t\t\t\t<\/div>\n\t\t<\/section>\n\t\t\t\t<section class=\"elementor-section elementor-top-section elementor-element elementor-element-10abc3c elementor-section-full_width elementor-section-height-default elementor-section-height-default\" data-id=\"10abc3c\" data-element_type=\"section\" data-e-type=\"section\">\n\t\t\t\t\t\t<div class=\"elementor-container elementor-column-gap-default\">\n\t\t\t\t\t<div class=\"elementor-column elementor-col-100 elementor-top-column elementor-element elementor-element-b3d3bcb\" data-id=\"b3d3bcb\" data-element_type=\"column\" data-e-type=\"column\">\n\t\t\t<div class=\"elementor-widget-wrap elementor-element-populated\">\n\t\t\t\t\t\t<div class=\"elementor-element elementor-element-1e98dcc elementor-widget__width-initial elementor-widget elementor-widget-text-editor\" data-id=\"1e98dcc\" data-element_type=\"widget\" data-e-type=\"widget\" data-widget_type=\"text-editor.default\">\n\t\t\t\t<div class=\"elementor-widget-container\">\n\t\t\t\t\t\t\t\t\t<p>Marie-Laure BRIANCHON d\u00e9couvre l&rsquo; escrime \u00e0 l \u00e2ge de 8 ans lors d&rsquo; une initiation scolaire. Ce sport \u00e9veillera en elle une passion qui ne la quittera plus.<br \/>Tr\u00e8s vite, elle fait ses premi\u00e8res armes en comp\u00e9titions au niveau r\u00e9gional en fleuret. Son entra\u00eeneur de l&rsquo; \u00e9poque la poussera \u00e0 passer \u00e0 l&rsquo; \u00e9p\u00e9e et il a bien fait puisqu&rsquo;en 1998, lors de la f\u00eate des jeunes, elle rapportera avec ses deux autres co\u00e9quipi\u00e8res le premier titre national pour le club dieppois.<\/p><p><span style=\"font-size: inherit;\">Les \u00e9tudes, son travail et deux maternit\u00e9s lui font quitter la r\u00e9gion dieppoise et l&rsquo;escrime quelques ann\u00e9es.\u00a0<\/span><\/p><p>En 2014 quand Nicolas CORUBLE la rappelle pour monter une \u00e9quipe s\u00e9nior, elle accepte de d\u00e9fendre une nouvelle fois les couleurs de son club de coeur. <br \/>Elle remportera avec son \u00e9quipe de multiples m\u00e9dailles au niveau national et la fera \u00e9voluer jusqu&rsquo;\u00e0 la premi\u00e8re division.<\/p><p>En 2016, elle rejoint d\u00e9finitivement la r\u00e9gion dieppoise.\u00a0Elle voit son club d enfance \u00e9voluer et devient membre du bureau en 2022.\u00a0Suite au d\u00e9part d&rsquo; un des ma\u00eetres d arme, elle proposera au bureau et au pr\u00e9sident son aide pour maintenir les horaires de cours. Cette saison lui permit de raviver la flamme de l enseignement qu&rsquo;elle avait connu dans sa jeunesse. <br \/>\u00c0 l&rsquo; aube de ses quarante ans, elle se lance dans l&rsquo; obtention de son dipl\u00f4me d&rsquo; \u00e9ducateur f\u00e9d\u00e9ral\u00a0 qu&rsquo;elle obtient et continue son parcours dans l enseignement de l escrime. <br \/>Personne discr\u00e8te, exigeante avec elle-m\u00eame comme avec les autres, respectueuse et inventive, elle aura toujours \u00e0 coeur de transmettre les valeurs et sa passion pour l&rsquo;escrime.<\/p>\t\t\t\t\t\t\t\t<\/div>\n\t\t\t\t<\/div>\n\t\t\t\t<div class=\"elementor-element elementor-element-f84c5ea elementor-widget elementor-widget-image\" data-id=\"f84c5ea\" data-element_type=\"widget\" data-e-type=\"widget\" data-widget_type=\"image.default\">\n\t\t\t\t<div class=\"elementor-widget-container\">\n\t\t\t\t\t\t\t\t\t\t\t\t<figure class=\"wp-caption\">\n\t\t\t\t\t\t\t\t\t\t<img decoding=\"async\" data-attachment-id=\"1516\" data-permalink=\"http:\/\/escrime-dieppe.fr\/index.php\/maitre-darme\/whatsapp-image-2024-08-26-at-17-59-10\/\" data-orig-file=\"https:\/\/i0.wp.com\/escrime-dieppe.fr\/wp-content\/uploads\/2024\/08\/WhatsApp-Image-2024-08-26-at-17.59.10.jpeg?fit=1599%2C1200\" data-orig-size=\"1599,1200\" data-comments-opened=\"1\" data-image-meta=\"{&quot;aperture&quot;:&quot;0&quot;,&quot;credit&quot;:&quot;&quot;,&quot;camera&quot;:&quot;&quot;,&quot;caption&quot;:&quot;&quot;,&quot;created_timestamp&quot;:&quot;0&quot;,&quot;copyright&quot;:&quot;&quot;,&quot;focal_length&quot;:&quot;0&quot;,&quot;iso&quot;:&quot;0&quot;,&quot;shutter_speed&quot;:&quot;0&quot;,&quot;title&quot;:&quot;&quot;,&quot;orientation&quot;:&quot;0&quot;}\" data-image-title=\"WhatsApp Image 2024-08-26 at 17.59.10\" data-image-description=\"\" data-image-caption=\"\" data-large-file=\"https:\/\/i0.wp.com\/escrime-dieppe.fr\/wp-content\/uploads\/2024\/08\/WhatsApp-Image-2024-08-26-at-17.59.10.jpeg?fit=750%2C563\" width=\"150\" height=\"150\" src=\"https:\/\/i0.wp.com\/escrime-dieppe.fr\/wp-content\/uploads\/2024\/08\/WhatsApp-Image-2024-08-26-at-17.59.10.jpeg?resize=150%2C150&amp;ssl=1\" class=\"attachment-thumbnail size-thumbnail wp-image-1516\" alt=\"\" srcset=\"https:\/\/i0.wp.com\/escrime-dieppe.fr\/wp-content\/uploads\/2024\/08\/WhatsApp-Image-2024-08-26-at-17.59.10.jpeg?resize=150%2C150&amp;ssl=1 150w, https:\/\/i0.wp.com\/escrime-dieppe.fr\/wp-content\/uploads\/2024\/08\/WhatsApp-Image-2024-08-26-at-17.59.10.jpeg?resize=50%2C50&amp;ssl=1 50w, https:\/\/i0.wp.com\/escrime-dieppe.fr\/wp-content\/uploads\/2024\/08\/WhatsApp-Image-2024-08-26-at-17.59.10.jpeg?zoom=2&amp;resize=150%2C150 300w, https:\/\/i0.wp.com\/escrime-dieppe.fr\/wp-content\/uploads\/2024\/08\/WhatsApp-Image-2024-08-26-at-17.59.10.jpeg?zoom=3&amp;resize=150%2C150 450w\" sizes=\"(max-width: 150px) 100vw, 150px\" data-attachment-id=\"1516\" data-permalink=\"https:\/\/escrime-dieppe.fr\/index.php\/maitre-darme\/whatsapp-image-2024-08-26-at-17-59-10\/\" data-orig-file=\"https:\/\/i0.wp.com\/escrime-dieppe.fr\/wp-content\/uploads\/2024\/08\/WhatsApp-Image-2024-08-26-at-17.59.10.jpeg?fit=1599%2C1200&amp;ssl=1\" data-orig-size=\"1599,1200\" data-comments-opened=\"1\" data-image-meta=\"{&quot;aperture&quot;:&quot;0&quot;,&quot;credit&quot;:&quot;&quot;,&quot;camera&quot;:&quot;&quot;,&quot;caption&quot;:&quot;&quot;,&quot;created_timestamp&quot;:&quot;0&quot;,&quot;copyright&quot;:&quot;&quot;,&quot;focal_length&quot;:&quot;0&quot;,&quot;iso&quot;:&quot;0&quot;,&quot;shutter_speed&quot;:&quot;0&quot;,&quot;title&quot;:&quot;&quot;,&quot;orientation&quot;:&quot;0&quot;}\" data-image-title=\"WhatsApp Image 2024-08-26 at 17.59.10\" data-image-description=\"\" data-image-caption=\"\" data-large-file=\"https:\/\/i0.wp.com\/escrime-dieppe.fr\/wp-content\/uploads\/2024\/08\/WhatsApp-Image-2024-08-26-at-17.59.10.jpeg?fit=750%2C563&amp;ssl=1\" \/>\t\t\t\t\t\t\t\t\t\t\t<figcaption class=\"widget-image-caption wp-caption-text\">Marie Laure BRIANCHON<\/figcaption>\n\t\t\t\t\t\t\t\t\t\t<\/figure>\n\t\t\t\t\t\t\t\t\t<\/div>\n\t\t\t\t<\/div>\n\t\t\t\t\t<\/div>\n\t\t<\/div>\n\t\t\t\t\t<\/div>\n\t\t<\/section>\n\t\t\t\t<\/div>\n\t\t","protected":false},"excerpt":{"rendered":"<p>Notre Ma\u00eetre d\u2019armes\u00a0Nicolas Coruble\u00a0d\u00e9bute l\u2019escrime \u00e0 l\u2019\u00e2ge de 7 ans et montre tr\u00e8s vite des pr\u00e9dispositions pour ce sport. Il ne lui aura fallu que deux ans pour \u00eatre champion de Haute\u2013Normandie. Titre qu\u2019il obtiendra, ensuite, dans toutes les cat\u00e9gories.\u00a0 En 1998, tout s\u2019acc\u00e9l\u00e8re Cette ann\u00e9e l\u00e0, il monte sur [&hellip;]<\/p>\n","protected":false},"author":1,"featured_media":0,"parent":0,"menu_order":0,"comment_status":"closed","ping_status":"closed","template":"","meta":{"jetpack_post_was_ever_published":false,"footnotes":""},"class_list":["post-110","page","type-page","status-publish","hentry"],"jetpack_sharing_enabled":true,"jetpack_shortlink":"https:\/\/wp.me\/PapKhQ-1M","jetpack-related-posts":[],"_links":{"self":[{"href":"http:\/\/escrime-dieppe.fr\/index.php\/wp-json\/wp\/v2\/pages\/110","targetHints":{"allow":["GET"]}}],"collection":[{"href":"http:\/\/escrime-dieppe.fr\/index.php\/wp-json\/wp\/v2\/pages"}],"about":[{"href":"http:\/\/escrime-dieppe.fr\/index.php\/wp-json\/wp\/v2\/types\/page"}],"author":[{"embeddable":true,"href":"http:\/\/escrime-dieppe.fr\/index.php\/wp-json\/wp\/v2\/users\/1"}],"replies":[{"embeddable":true,"href":"http:\/\/escrime-dieppe.fr\/index.php\/wp-json\/wp\/v2\/comments?post=110"}],"version-history":[{"count":42,"href":"http:\/\/escrime-dieppe.fr\/index.php\/wp-json\/wp\/v2\/pages\/110\/revisions"}],"predecessor-version":[{"id":1613,"href":"http:\/\/escrime-dieppe.fr\/index.php\/wp-json\/wp\/v2\/pages\/110\/revisions\/1613"}],"wp:attachment":[{"href":"http:\/\/escrime-dieppe.fr\/index.php\/wp-json\/wp\/v2\/media?parent=110"}],"curies":[{"name":"wp","href":"https:\/\/api.w.org\/{rel}","templated":true}]}}