{"id":108,"date":"2018-03-21T22:28:22","date_gmt":"2018-03-21T21:28:22","guid":{"rendered":"http:\/\/escrime-dieppe.fr\/?page_id=108"},"modified":"2025-08-22T11:29:27","modified_gmt":"2025-08-22T09:29:27","slug":"le-bureau","status":"publish","type":"page","link":"https:\/\/escrime-dieppe.fr\/index.php\/notre-club\/le-bureau\/","title":{"rendered":"Le bureau"},"content":{"rendered":"\t\t<div data-elementor-type=\"wp-post\" data-elementor-id=\"108\" class=\"elementor elementor-108\">\n\t\t\t\t\t\t<section class=\"elementor-section elementor-top-section elementor-element elementor-element-3403a430 elementor-section-boxed elementor-section-height-default elementor-section-height-default\" data-id=\"3403a430\" data-element_type=\"section\" data-e-type=\"section\">\n\t\t\t\t\t\t<div class=\"elementor-container elementor-column-gap-default\">\n\t\t\t\t\t<div class=\"elementor-column elementor-col-100 elementor-top-column elementor-element elementor-element-1da162f0\" data-id=\"1da162f0\" data-element_type=\"column\" data-e-type=\"column\">\n\t\t\t<div class=\"elementor-widget-wrap elementor-element-populated\">\n\t\t\t\t\t\t<div class=\"elementor-element elementor-element-3f10493e elementor-widget elementor-widget-text-editor\" data-id=\"3f10493e\" data-element_type=\"widget\" data-e-type=\"widget\" data-widget_type=\"text-editor.default\">\n\t\t\t\t<div class=\"elementor-widget-container\">\n\t\t\t\t\t\t\t\t\t<p>Composition du bureau (suite \u00e0 l&rsquo;assembl\u00e9e g\u00e9n\u00e9rale) :<\/p><p>PRESIDENT :<\/p><p>M. Nicolas CORUBLE<\/p><p>VICE-PRESIDENT :\u00a0<\/p><p>M. Patrick CHAUVAT<\/p><p>TRESORIERE :<\/p><p>Mme Anne-Catherine CALBRY<\/p><p>TRESORIERE ADJOINTE :<\/p><p>Mme Claudine CORUBLE<\/p><p style=\"font-size: 18px;\">SECRETAIRE :<\/p><p style=\"font-size: 18px;\">Mme Elsa XAVIS-CLET<\/p><p>MEMBRES :<\/p><p>Mme Marie-Laure BRIANCHON<\/p><p>Mme Julie LLOZA<\/p><p>M. Alexandre ARNETTE<\/p><p>MAITRES D&rsquo;ARMES :<\/p><p>Ma\u00eetre Nicolas CORUBLE<br \/>Marie-Laure BRIANCHON<\/p>\t\t\t\t\t\t\t\t<\/div>\n\t\t\t\t<\/div>\n\t\t\t\t\t<\/div>\n\t\t<\/div>\n\t\t\t\t\t<\/div>\n\t\t<\/section>\n\t\t\t\t<\/div>\n\t\t","protected":false},"excerpt":{"rendered":"<p>Composition du bureau (suite \u00e0 l&rsquo;assembl\u00e9e g\u00e9n\u00e9rale) : PRESIDENT : M. Nicolas CORUBLE VICE-PRESIDENT :\u00a0 M. Patrick CHAUVAT TRESORIERE : Mme Anne-Catherine CALBRY TRESORIERE ADJOINTE : Mme Claudine CORUBLE SECRETAIRE : Mme Elsa XAVIS-CLET MEMBRES : Mme Marie-Laure BRIANCHON Mme Julie LLOZA M. Alexandre ARNETTE MAITRES D&rsquo;ARMES : Ma\u00eetre Nicolas [&hellip;]<\/p>\n","protected":false},"author":1,"featured_media":0,"parent":25,"menu_order":0,"comment_status":"closed","ping_status":"closed","template":"","meta":{"jetpack_post_was_ever_published":false,"footnotes":""},"class_list":["post-108","page","type-page","status-publish","hentry"],"jetpack_sharing_enabled":true,"jetpack_shortlink":"https:\/\/wp.me\/PapKhQ-1K","jetpack-related-posts":[],"_links":{"self":[{"href":"https:\/\/escrime-dieppe.fr\/index.php\/wp-json\/wp\/v2\/pages\/108","targetHints":{"allow":["GET"]}}],"collection":[{"href":"https:\/\/escrime-dieppe.fr\/index.php\/wp-json\/wp\/v2\/pages"}],"about":[{"href":"https:\/\/escrime-dieppe.fr\/index.php\/wp-json\/wp\/v2\/types\/page"}],"author":[{"embeddable":true,"href":"https:\/\/escrime-dieppe.fr\/index.php\/wp-json\/wp\/v2\/users\/1"}],"replies":[{"embeddable":true,"href":"https:\/\/escrime-dieppe.fr\/index.php\/wp-json\/wp\/v2\/comments?post=108"}],"version-history":[{"count":14,"href":"https:\/\/escrime-dieppe.fr\/index.php\/wp-json\/wp\/v2\/pages\/108\/revisions"}],"predecessor-version":[{"id":1597,"href":"https:\/\/escrime-dieppe.fr\/index.php\/wp-json\/wp\/v2\/pages\/108\/revisions\/1597"}],"up":[{"embeddable":true,"href":"https:\/\/escrime-dieppe.fr\/index.php\/wp-json\/wp\/v2\/pages\/25"}],"wp:attachment":[{"href":"https:\/\/escrime-dieppe.fr\/index.php\/wp-json\/wp\/v2\/media?parent=108"}],"curies":[{"name":"wp","href":"https:\/\/api.w.org\/{rel}","templated":true}]}}